ne q(6).
1
Let u(g) = 2*g**3 + 87*g**2 + 351*g - 38. Give u(-39).
-38
Let c(h) = -13*h**2 - 1910*h + 177. Determine c(-147).
30
Let z(s) = -s**2 - 6*s + 28. What is z(4)?
-12
Let g(d) = -23*d**2 + 117*d - 4. What is g(5)?
6
Let w(d) = d**3 + 6*d**2 - 2*d - 26. Determine w(-5).
9
Let q(j) = -6*j**3 - 13*j**2 + 4. Calculate q(-2).
0
Let w(v) = -2*v**3 - 17*v**2 + 117*v + 11. Determine w(5).
-79
Let t(f) = -f**3 + 22*f**2 + f - 469. Give t(21).
-7
Let n(u) = -u**3 + 62*u**2 + 3*u - 68. Determine n(62).
118
Let p(m) = 2*m**2 + 19*m - 11. Determine p(-7).
-46
Let u(d) = d**2 + 8*d - 309. What is u(-22)?
-1
Let b(w) = 2*w**2 + 10*w - 672. Determine b(-21).
0
Let s(p) = 557*p - 22841. Calculate s(41).
-4
Let j(p) = 40*p - 62. What is j(-1)?
-102
Let f(s) = 3*s**2 - 96*s + 153. Determine f(31).
60
Let p(t) = -3*t**3 - 24*t**2 + 28*t - 8. Calculate p(-9).
-17
Let z(k) = 73*k + 208. Give z(-3).
-11
Let l(j) = -286*j + 3152. What is l(11)?
6
Let m(i) = -i**3 + 13*i**2 - 20*i - 17. Give m(11).
5
Let s(p) = -1008*p + 7053. What is s(7)?
-3
Let i(u) = -35*u**3 + 176*u**2 - 8*u + 6. Give i(5).
-9
Let r(s) = s**3 + 28*s**2 + 132*s - 170. Determine r(-20).
390
Let z(y) = 19*y - 433. Give z(23).
4
Let s(o) = -2*o**3 - 25*o**2 + 16*o + 19. What is s(-13)?
-20
Let z(q) = 878*q + 7024. Determine z(-8).
0
Let x(q) = 10*q**3 - 79*q**2 - 20*q + 86. What is x(8)?
-10
Let s(x) = -8*x**2 + 13*x - 3. Calculate s(3).
-36
Let o(q) = 6*q**3 + 2*q**2 + 3*q - 274. What is o(0)?
-274
Let x(y) = y**3 - 12*y**2 - 24*y + 396. Calculate x(6).
36
Let n(y) = 2*y**2 + 74*y + 676. What is n(-12)?
76
Let h(g) = 2*g**2 - 398*g - 1203. Give h(-3).
9
Let l(i) = -5*i**2 + 124*i - 2. Give l(9).
709
Let f(q) = -2*q**3 + 8*q**2 + 8. Give f(7).
-286
Let h(g) = g**3 - 4*g**2 + 89*g + 673. What is h(-5)?
3
Let n(i) = i**2 + 27*i + 146. What is n(-9)?
-16
Let p(j) = -23414*j - 187317. Determine p(-8).
-5
Let p(r) = 352*r**2 + 359*r + 1. Calculate p(-1).
-6
Let d(k) = -k**2 + 57*k - 636. Determine d(43).
-34
Let g(j) = -j**3 - 38*j**2 - 10*j - 403. What is g(-38)?
-23
Let q(d) = 4*d**2 + 60*d - 91. Calculate q(-16).
-27
Let u(x) = -x**3 - 2*x**2 - 4*x + 222. Determine u(0).
222
Let i(p) = -241*p + 2378. Give i(10).
-32
Let g(l) = 2*l**2 + 217*l + 1220. Determine g(-6).
-10
Let l(c) = 2*c**3 + 7*c**2 + 10*c - 10. Determine l(-6).
-250
Let s(l) = 16*l - 677. Calculate s(42).
-5
Let h(p) = -1547*p + 3093. What is h(2)?
-1
Let z(f) = 106*f + 538. Determine z(-5).
8
Let c(h) = -10*h - 61. Calculate c(-4).
-21
Let w(d) = -5*d + 214. What is w(42)?
4
Let m(d) = -67*d**2 + 206*d + 3. Determine m(3).
18
Let o(f) = f**3 - 3*f**2 - 123*f + 23. Calculate o(14).
457
Let m(l) = 18*l - 202. Give m(11).
-4
Let a(w) = -3*w**3 - 51*w**2 - 26*w - 35. Determine a(-17).
407
Let a(i) = 17*i + 852. Calculate a(-60).
-168
Let k(u) = u**2 + 167*u + 962. What is k(-6)?
-4
Let k(h) = 3*h**3 + 14*h**2 - 17*h + 3. What is k(1)?
3
Let r(w) = -w**3 - 29*w**2 + 96*w + 3. What is r(-32)?
3
Let x(b) = 3836*b + 49843. Calculate x(-13).
-25
Let w(f) = f + 13. Determine w(31).
44
Let z(g) = -11*g**2 - 82*g + 43. Give z(-11).
-386
Let l(b) = -b**2 - 35*b + 64. Calculate l(-45).
-386
Let i(v) = 156*v + 2043. What is i(-13)?
15
Let p(q) = -q**2 - 173*q - 6232. What is p(-50)?
-82
Let s(v) = -v**3 - 2*v**2 + 293*v + 37. Determine s(-18).
-53
Let s(r) = -7*r + 20. Determine s(-7).
69
Let w(m) = -2*m**3 + 2*m**2 + 20*m - 19. Determine w(-5).
181
Let a(v) = -92*v - 6541. Calculate a(-71).
-9
Let n(d) = d**3 - 100*d**2 - 7105*d - 44. Give n(-48).
4
Let k(n) = -4*n - 114. Give k(-33).
18
Let h(x) = x**3 - 8*x**2 - 5*x + 5. Calculate h(8).
-35
Let t(y) = 2*y**3 - 46*y**2 - 3*y. Calculate t(23).
-69
Let i(q) = -q**3 - 6*q + 62. Give i(4).
-26
Let r(z) = -67*z - 1466. What is r(-22)?
8
Let x(c) = 1251*c - 1255. Determine x(1).
-4
Let f(n) = -2*n**3 - 89*n**2 - 45*n + 68. Determine f(-44).
112
Let n(k) = 5*k**2 - 78*k + 321. Calculate n(10).
41
Let v(i) = -470*i + 73798. Calculate v(157).
8
Let y(k) = 2*k**3 - 67*k**2 - 41*k + 277. Calculate y(34).
39
Let r(p) = -p**3 - 8*p**2 + 622*p + 3797. Determine r(-6).
-7
Let l(u) = -u**3 + 67*u**2 + 290*u - 424. Calculate l(71).
2
Let c(d) = 29*d - 62. Determine c(10).
228
Let v(p) = -p**3 + 116*p**2 - 1922*p - 4. Give v(20).
-44
Let v(t) = 3*t**3 + 175*t**2 - 302*t - 119. Calculate v(-60).
1
Let r(o) = -72*o - 245. What is r(-4)?
43
Let r(k) = 2*k**2 + 613*k - 5026. Calculate r(8).
6
Let c(j) = -37*j - 19. Determine c(0).
-19
Let j(i) = -7*i**3 + 2*i**2 - 20*i + 51. Give j(3).
-180
Let w(q) = q**2 + 109*q - 1452. Give w(13).
134
Let t(k) = -11557*k + 69325. What is t(6)?
-17
Let i(w) = -w**2 + 6*w + 6. Give i(7).
-1
Let r(q) = -166*q - 2984. Calculate r(-18).
4
Let y(g) = 12*g - 98. Determine y(20).
142
Let t(z) = -1225*z + 20805. What is t(17)?
-20
Let j(d) = -20*d**2 - 23*d - 23. Calculate j(-4).
-251
Let h(s) = -1152*s + 5673. What is h(5)?
-87
Let f(d) = 3*d**3 + 51*d**2 - 11*d + 17. Calculate f(-17).
204
Let u(v) = -535*v - 3212. What is u(-6)?
-2
Let b(f) = 3*f**3 - 243*f**2 - 743*f - 1087. Determine b(84).
5
Let h(v) = -v**3 + 34*v**2 - 232*v - 7. Calculate h(26).
-631
Let y(s) = -201*s**3 + 2*s**2 + 35*s + 34. What is y(-1)?
202
Let z(o) = -o**2 - 387*o + 6902. What is z(17)?
34
Let x(p) = -p**3 + 11*p**2 - p + 1. Give x(11).
-10
Let m(k) = -k**2 - 250*k - 1471. What is m(-6)?
-7
Let g(z) = 540*z**2 + 11*z - 9. Give g(1).
542
Let q(m) = -2*m**2 - 46*m - 42. What is q(-22)?
2
Let w(p) = -2*p**2 + 162*p - 914. Calculate w(6).
-14
Let n(x) = x**3 + 8*x**2 + 10*x - 11. Give n(-4).
13
Let i(x) = -2*x**2 - 15*x + 880. What is i(17)?
47
Let k(d) = 9058*d + 63410. What is k(-7)?
4
Let x(i) = i**2 + 31*i + 15. Determine x(-14).
-223
Let l(w) = 8*w + 39. What is l(-4)?
7
Let r(g) = -g**2 - 25*g + 4. Give r(-4).
88
Let g(n) = n**2 + 200*n + 1234. What is g(-6)?
70
Let i(d) = 11*d**3 - 9*d**2 - 67*d - 9. Give i(3).
6
Let c(i) = 60*i - 586. Give c(9).
-46
Let z(j) = -120*j - 1311. Determine z(-11).
9
Let o(y) = 1687*y - 28674. What is o(17)?
5
Let j(h) = -800*h + 7202. Give j(9).
2
Let d(b) = -658*b - 1967. Determine d(-3).
7
Let g(z) = -84*z - 1086. Give g(-13).
6
Let a(y) = y**3 + 9*y**2 - 781*y - 6315. What is a(-8)?
-3
Let p(i) = -55*i + 336. Give p(9).
-159
Let j(d) = -3*d**3 - 10*d**2 - 12*d - 86. Determine j(-4).
-6
Let w(g) = 6*g - 108. What is w(-20)?
-228
Let t(w) = -362*w + 11240. Give t(31).
18
Let c(r) = -2*r**3 + 185*r**2 + 5738*r - 576. Calculate c(117).
9
Let q(k) = -709*k - 6385. Calculate q(-9).
-4
Let l(v) = -v**2 + 3560*v + 24941. Calculate l(-7).
-28
Let m(i) = -i**3 - 11*i**2 + 135*i + 1413. Determine m(-13).
-4
Let l(p) = -19*p + 2160. Give l(114).
-6
Let j(u) = 13*u - 47. Determine j(7).
44
Let h(r) = 558*r - 5. Determine h(-1).
-563
Let j(v) = 4*v**2 - 122*v - 797. Calculate j(36).
-5
Let x(c) = -76*c - 104. Determine x(-3).
124
Let a(s) = -6*s**2 - 47*s + 13. What is a(-4)?
105
Let s(t) = t**3 + 22*t**2 + 2*t + 29. Determine s(-22).
-15
Let q(d) = 32*d**2 - 3008*d - 8. Determine q(94).
-8
Let k(d) = d**2 - 34*d + 35. Calculate k(34).
35
Let z(t) = 2*t**2 - 239*t + 2938. Give z(14).
-16
Let a(v) = 4*v**2 + 396*v + 401. What is a(-98)?
9
Let m(w) = -99*w - 2817. Give m(-28).
-45
Let n(r) = 2*r**3 - 24*r**2 - 54*r + 11. Determine n(14).
39
Let p(h) = 9*h + 1125. What is p(-123)?
18
Let a(i) = 2*i**3 - 47*i**2 + 92*i + 264. Calculate a(21).
-9
Let j(y) = 3*y - 92. Determine j(10).
-62
Let s(b) = -b**3 - 11*b**2 - 182*b - 1688. Give s(-10).
32
Let d(m) = -2*m**3 + 89*m**2 - 68*m + 1058. Determine d(44).
2
Let x(z) = -2*z**2 + 56*z - 179. Give x(24).
13
Let u(n) = -n**2 + 88*n - 1243. Calculate u(69).
68
Let v(b) = 5*b + 252. Calculate v(-24).
132
Let b(o) = -6*o**2 - 171*o - 27. Give b(-28).
57
Let i(g) = -g**2 + 171*g + 45. Determine i(171).
45
Let t(s) = -3*s**2 + 455*s + 485. Calculate t(153).
-127
Let h(c) = -c**3 - 67*c**2 - 80*c - 972. What is h(-66)?
-48
Let x(w) = 14*w**2 - 43*w + 35. Calculate x(1).
6
Let n(j) = -56*j**2 - 161*j + 17. Give n(-3).
-4
Let c(w) = w**3 - 7*w**2 + 25*w - 29. Calculate c(2).
1
Let k(o) = -2*o**2 + 88*o - 168. Calculate k(44).
-168
Let d(x) = -x**2 - 499*x + 3533. What is d(7)?
-9
Let d(u) = 21*u**2 + 5*u. Determine d(-2).
74
Let i(g) = -g**2 + 140